{"id":32,"date":"2008-02-23T15:48:19","date_gmt":"2008-02-23T14:48:19","guid":{"rendered":"http:\/\/elbonia.cent.uji.es\/jordi\/docencia\/"},"modified":"2015-11-16T20:27:55","modified_gmt":"2015-11-16T19:27:55","slug":"docencia","status":"publish","type":"page","link":"https:\/\/elbonia.cent.uji.es\/jordi\/academia\/docencia\/","title":{"rendered":"Docencia"},"content":{"rendered":"<p>Pertenezco al <a href=\"http:\/\/www.uji.es\/CA\/departaments\/edu\/\" target=\"_blank\">Departamento de Educaci\u00f3n<\/a> de la <a href=\"http:\/\/www.uji.es\/\" target=\"_blank\">Universitat Jaume I<\/a>. Y al\u00a0\u00e1rea de Did\u00e1ctica y Organzaci\u00f3n Escolar. Desde hace bastante tiempo\u00a0doy <a href=\"http:\/\/e-ujier.uji.es\/pls\/www\/!gri_ass.lleu_asignatura_g?p_titulacion=218&amp;p_asignatura=MP1013\" target=\"_blank\">asignaturas<\/a> relacionadas con el uso de la tecnolog\u00eda en la educaci\u00f3n formal a futuros\/as maestros de Educaci\u00f3n Primaria.<\/p>\n","protected":false},"excerpt":{"rendered":"<p>Pertenezco al Departamento de Educaci\u00f3n de la Universitat Jaume I. Y al\u00a0\u00e1rea de Did\u00e1ctica y Organzaci\u00f3n Escolar. Desde hace bastante tiempo\u00a0doy asignaturas relacionadas con el uso de la tecnolog\u00eda en la educaci\u00f3n formal a futuros\/as maestros de Educaci\u00f3n Primaria.<\/p>\n","protected":false},"author":2,"featured_media":0,"parent":1436,"menu_order":1,"comment_status":"closed","ping_status":"closed","template":"","meta":{"footnotes":""},"class_list":["post-32","page","type-page","status-publish","hentry"],"jetpack_sharing_enabled":true,"jetpack_shortlink":"https:\/\/wp.me\/P74JOR-w","_links":{"self":[{"href":"https:\/\/elbonia.cent.uji.es\/jordi\/wp-json\/wp\/v2\/pages\/32","targetHints":{"allow":["GET"]}}],"collection":[{"href":"https:\/\/elbonia.cent.uji.es\/jordi\/wp-json\/wp\/v2\/pages"}],"about":[{"href":"https:\/\/elbonia.cent.uji.es\/jordi\/wp-json\/wp\/v2\/types\/page"}],"author":[{"embeddable":true,"href":"https:\/\/elbonia.cent.uji.es\/jordi\/wp-json\/wp\/v2\/users\/2"}],"replies":[{"embeddable":true,"href":"https:\/\/elbonia.cent.uji.es\/jordi\/wp-json\/wp\/v2\/comments?post=32"}],"version-history":[{"count":10,"href":"https:\/\/elbonia.cent.uji.es\/jordi\/wp-json\/wp\/v2\/pages\/32\/revisions"}],"predecessor-version":[{"id":3328,"href":"https:\/\/elbonia.cent.uji.es\/jordi\/wp-json\/wp\/v2\/pages\/32\/revisions\/3328"}],"up":[{"embeddable":true,"href":"https:\/\/elbonia.cent.uji.es\/jordi\/wp-json\/wp\/v2\/pages\/1436"}],"wp:attachment":[{"href":"https:\/\/elbonia.cent.uji.es\/jordi\/wp-json\/wp\/v2\/media?parent=32"}],"curies":[{"name":"wp","href":"https:\/\/api.w.org\/{rel}","templated":true}]}}